t v(i) = 8*i + 20. Determine v(-7).
-36
Let p(u) = -14*u**2 - 33*u + 32. Determine p(1).
-15
Let r(k) = -4*k + 22. Give r(11).
-22
Let z(q) = 2*q**3 + 9*q**2 - 8*q - 7. Calculate z(-5).
8
Let x(j) = j**3 - 14*j**2 - 32*j + 4. Determine x(16).
4
Let p(n) = -n**2 + 12*n - 8. Calculate p(7).
27
Let i(p) = p**3 - 7*p**2 + 4. Give i(6).
-32
Let y(n) = -33*n. Determine y(-1).
33
Let y(w) = -13*w - 75. Determine y(-6).
3
Let k(j) = -j**2 - 9*j - 28. What is k(-8)?
-20
Let h(m) = 2*m**2 - 18*m - 28. Determine h(11).
16
Let m(f) = 2*f**2 + f + 5. Determine m(4).
41
Let g(u) = 10*u + 100. What is g(-10)?
0
Let n(f) = 2*f + 11. Give n(6).
23
Let a(o) = -o**3 + 6*o**2 + 7*o - 12. Calculate a(8).
-84
Let f(p) = 3*p**3 - 20*p**2 + 6*p - 15. What is f(7)?
76
Let m(f) = -f**2 + 24. Determine m(-7).
-25
Let k(r) = r**2 + 7*r + 12. Determine k(-8).
20
Let w(h) = h**2 - 35*h - 50. What is w(38)?
64
Let j(b) = b - 43. What is j(10)?
-33
Let b(o) = -3*o + 5. Determine b(-7).
26
Let x(a) = -a - 29. Determine x(-17).
-12
Let q(o) = o**3 + 23*o**2 + o + 10. Determine q(-23).
-13
Let a(b) = 3*b + 13. Determine a(-11).
-20
Let h(r) = r - 21. What is h(25)?
4
Let d(q) = 11*q + 47. Determine d(-5).
-8
Let u(y) = y**2 - 6*y + 3. Determine u(7).
10
Let v(k) = -k**2 - 27*k - 12. Give v(-26).
14
Let a(v) = 5*v - 22. What is a(3)?
-7
Let r(p) = 53*p**2 + 3*p - 2. Give r(1).
54
Let d(n) = 8*n**2 + 91*n + 92. Give d(-1).
9
Let p(y) = y**2 + 12*y + 11. What is p(-9)?
-16
Let z(c) = 2*c**3 + c**2 - 3*c - 2. Calculate z(-2).
-8
Let u(m) = 24*m - 168. What is u(9)?
48
Let i(l) = 18*l + 123. Determine i(-8).
-21
Let l(n) = -n**3 - n**2 + 96*n + 52. Determine l(-10).
-8
Let f(c) = 3*c**2 + 156*c + 302. Calculate f(-50).
2
Let s(w) = -w**2 - 12*w + 14. Give s(-13).
1
Let q(s) = -2*s**3 - 16*s**2 - 5*s - 37. Determine q(-8).
3
Let p(h) = h**2 - 10*h + 15. Give p(15).
90
Let x(d) = -d**3 + 15*d**2 + 16*d - 8. Calculate x(16).
-8
Let w(a) = -3*a**2 - 19*a. Calculate w(-6).
6
Let i(t) = -5*t - 35. Determine i(-8).
5
Let d(x) = -x**2 - x + 24. Determine d(-7).
-18
Let f(g) = -3*g - 19. Determine f(-7).
2
Let u(g) = g**2 + 10*g + 15. Determine u(-6).
-9
Let m(k) = -k**3 - k**2 + 12*k + 47. Give m(-5).
87
Let z(m) = -m**3 + 5*m**2 - 5*m + 2. Give z(4).
-2
Let t(d) = d**3 - 28*d**2 + 2*d - 76. Determine t(28).
-20
Let s(f) = f**3 + 4*f**2 - 4*f - 11. What is s(-4)?
5
Let l(p) = p - 4. Calculate l(8).
4
Let t(o) = -o**3 + 2*o**2 + 37*o + 14. Calculate t(-5).
4
Let t(c) = c**3 - 7*c**2 + 2*c - 4. What is t(6)?
-28
Let x(l) = -15*l - 3. What is x(-6)?
87
Let c(t) = t**2 - t + 7. Calculate c(2).
9
Let f(o) = 2*o**3 + 26*o**2 - 3*o - 35. What is f(-13)?
4
Let r(i) = -14*i + 56. What is r(4)?
0
Let q(n) = n**2 - n - 5. Determine q(-4).
15
Let d(o) = -o**3 - 7*o**2 + 10*o - 12. What is d(-8)?
-28
Let c(y) = -y**3 + 9*y**2 - 8*y - 6. Give c(8).
-6
Let h(v) = 8*v**2 + 13*v - 27. What is h(3)?
84
Let a(y) = -y**3 - 11*y**2 - 10*y - 1. Calculate a(-10).
-1
Let t(i) = i**2 - 9*i + 45. Give t(7).
31
Let r(q) = q**3 - 30*q**2 + 27*q + 52. Calculate r(29).
-6
Let o(u) = -28*u + 1180. Determine o(42).
4
Let n(v) = 2*v**3 - 9*v**2 - 5*v + 11. Determine n(5).
11
Let i(p) = 4*p + 77. Calculate i(-22).
-11
Let z(t) = 9*t**2 + 153*t + 3. Give z(-17).
3
Let n(w) = -26*w**2 - 7*w + 5. Give n(2).
-113
Let w(f) = f**2 - 9*f - 16. Calculate w(9).
-16
Let l(v) = v**3 + 2*v**2 - 4. Calculate l(-3).
-13
Let w(l) = l**2 - l - 2. What is w(4)?
10
Let l(m) = -m + 24. Calculate l(17).
7
Let k(a) = -a**3 - a**2 + 8*a + 3. Give k(-4).
19
Let d(y) = -y**2 + 6*y + 3. Calculate d(6).
3
Let c(w) = 38*w**3 + w**2 - w - 2. Give c(-1).
-38
Let f(r) = -r**3 - 4*r**2 + 10*r - 5. What is f(-6)?
7
Let a(j) = -4*j**3 - j. Give a(-2).
34
Let s(g) = -13*g + 2. Calculate s(-5).
67
Let g(i) = 2*i**2 - 15*i + 9. Give g(7).
2
Let s(q) = 2*q**2 + 8*q - 18. What is s(-7)?
24
Let v(n) = n - 49. What is v(0)?
-49
Let s(h) = 7*h**3 + h**2 + h + 1. What is s(-1)?
-6
Let m(u) = 8*u + 4. Determine m(-6).
-44
Let x(l) = -5*l**2 - 5*l + 5. Calculate x(1).
-5
Let h(d) = -2*d**2 - 32*d + 7. Calculate h(-18).
-65
Let d(j) = 17*j + 5. Determine d(6).
107
Let n(m) = -m**3 - 7*m**2 + 4*m + 21. Determine n(-7).
-7
Let u(r) = -4*r + 63. Calculate u(17).
-5
Let s(z) = 4*z - 77. Determine s(0).
-77
Let u(n) = -n + 8. Calculate u(7).
1
Let b(j) = j**3 - 20*j**2 - 5*j + 33. Determine b(20).
-67
Let n(f) = 2*f**3 - 2*f**2 + 6*f - 3. Give n(2).
17
Let h(r) = -17*r + 10. Give h(4).
-58
Let s(n) = -n**3 + 12*n**2 + 13*n + 16. Give s(13).
16
Let o(a) = -a**2 + 24*a - 130. Determine o(16).
-2
Let o(r) = -r - 2. Calculate o(3).
-5
Let x(r) = -2*r**3 - 13*r**2 - r - 52. What is x(-7)?
4
Let z(j) = -2*j + 5. Calculate z(-11).
27
Let j(z) = z**2 + 4*z - 20. Give j(-6).
-8
Let a(w) = -18*w - 8. Give a(-4).
64
Let v(t) = -5*t + 10. What is v(-4)?
30
Let j(f) = 10*f**2 - 1. Give j(1).
9
Let u(j) = -j**3 + 3*j + 2. Give u(-3).
20
Let v(h) = h**3 + 6*h**2 + 4*h - 11. Determine v(-5).
-6
Let i(z) = -3*z**3 + 9*z**2 + 2. Determine i(3).
2
Let b(l) = -l**3 - 13*l**2 + 13*l - 10. Give b(-14).
4
Let d(g) = g**2 - 6*g - 31. Calculate d(14).
81
Let m(d) = -184*d**2 + 3*d + 1. Determine m(-1).
-186
Let n(r) = r**2 + 14*r + 18. Give n(-13).
5
Let r(a) = -4*a + 21. What is r(10)?
-19
Let u(m) = 2*m + 6. Calculate u(1).
8
Let b(t) = -2*t - 19. What is b(-20)?
21
Let z(h) = -h**3 - 15*h**2 - 10*h - 9. Determine z(-14).
-65
Let u(b) = -5*b - 17. Determine u(-5).
8
Let r(p) = 7*p + 14. Calculate r(-4).
-14
Let s(u) = -u**3 + 8*u**2 + 3*u - 15. What is s(8)?
9
Let q(i) = -2*i**3 + i**2 + i. What is q(-1)?
2
Let k(f) = -f**2 + 10*f - 18. Give k(9).
-9
Let d(j) = 2*j**2 - 2*j - 37. Give d(-5).
23
Let c(r) = -4*r + 14. Determine c(7).
-14
Let h(l) = -13*l + 28. Give h(3).
-11
Let g(o) = -o**2 - 19*o + 93. Give g(4).
1
Let z(p) = -p**2 + 3*p + 83. Determine z(-8).
-5
Let y(m) = -4*m**3 + 3*m**2 - 4*m + 2. Give y(1).
-3
Let p(c) = -c**2 + c - 8. What is p(0)?
-8
Let d(g) = g**2 - 7*g + 13. What is d(6)?
7
Let y(c) = -c**2 + 9*c + 18. What is y(10)?
8
Let j(d) = -d**2 + 13*d - 3. What is j(12)?
9
Let u(j) = 75*j + 3. Give u(-1).
-72
Let z(b) = -b**3 + 8*b**2 + 9. What is z(7)?
58
Let k(l) = -2*l**3 + 2*l + 5. Determine k(-2).
17
Let g(n) = n**2 + 2*n - 8. Give g(2).
0
Let b(t) = -t**3 - 9*t**2 - 19*t - 2. What is b(-6)?
4
Let y(z) = z**3 - 4*z - 9. Determine y(3).
6
Let y(t) = -t**3 + 12*t**2 + 14*t - 7. What is y(13)?
6
Let s(t) = 22*t + 314. What is s(-14)?
6
Let k(p) = -19*p - 289. Determine k(-16).
15
Let w(x) = -2*x**3 + 3*x**2 - 3*x - 1. Give w(2).
-11
Let m(t) = -t**3 + 7*t**2 + 36*t - 165. Determine m(9).
-3
Let y(p) = 5*p**3 - 2*p**2 + p. Give y(2).
34
Let r(c) = -c**3 + 3*c**2 + 19*c - 47. Calculate r(5).
-2
Let w(m) = 13*m**3 + m**2 - m - 1. Give w(1).
12
Let n(d) = -2*d**3 - 2*d**2 + 4*d - 1. Determine n(-4).
79
Let q(m) = 2*m**3 - 5*m**2 - 5*m - 3. Calculate q(-3).
-87
Let w(l) = l**2 + 3*l - 42. Determine w(-9).
12
Let k(m) = 63*m**3 + 2*m**2 - m - 2. What is k(-1)?
-62
Let m(s) = 3*s. Determine m(-3).
-9
Let z(m) = m**2 + 3*m + 9. Give z(-2).
7
Let y(i) = -i**3 + 22*i**2 - 44*i + 32. Determine y(20).
-48
Let c(r) = r**3 + 6*r**2 + 3*r. Determine c(-5).
10
Let g(v) = v**2 + 6*v + 21. Calculate g(-3).
12
Let d(a) = 16*a + 574. What is d(-36)?
-2
Let i(u) = -u**3 + 12*u**2 + 12*u + 18. What is i(13)?
5
Let j(y) = 21*y - 37. What is j(-5)?
-142
Let v(j) = j**3 + 2*j**2 - 8*j - 5. Determine v(-5).
-40
Let k(d) = d + 12. Determine k(-9).
3
Let p(c) = c**2 - 2*c + 6. What is p(0)?
6
Let c(g) = g**2 - 16*g - 135. Give c(22).
-3
Let p(l) = l**3 + 8*l**2 + 6*l + 3. What is p(-7)?
10
Let y(a) = -8*a + 35. Determine y(18).
-109
Let w(n) = -3*n + 25. Determine w(9).
-2
Let a(d) = 8*d**2 - 3*d - 17. Determine a(-5).
198
Let d(z) = z**2 + 3*z - 8. Calculate d(-6).
10
Let p(j) = -5*j**2. What is p(-1)?
-5
Let b(s) = -4*s**2 + 77*s - 14. Give b(19).
5
Let k(m) = m**2 + 7*m. What is k(-7)?
0
Let r(y) = -y**3 - 13*y**2 + 11*y + 21. Give r(-14).
63
Let d(b) = -b**3 - 10*b**2 - 11*b + 8. What is d(-9)?
26
Let c(m) = 5*m**3 + 65*m**2 + m + 19. Determine c(-13).
6
Let z(d) = -d - 67. Calculate z(21).
-88
Let v(g) = g**3 - 2*g**2 - 85. What is v(0)?
-85
Let h(d) = 5*d + 2. Calculate h(-1).
-3
Let m(r) = -